 c.
2, 5, 11
Let g be (104/(-48))/((-3)/18). Suppose -15*k = -g*k - c - 2135, -c = 5. What are the prime factors of k?
3, 5, 71
Suppose -z - 2*v = 0, 2 = 4*z + 4*v - 6. Suppose -z*q + 9864 = -4*g, 0 = q + q + 8. List the prime factors of g/(-52)*(-4)/(-5).
2, 19
Let x(p) = -2*p**2 - 58*p + 72. Let i be x(-30). List the prime factors of -50*(-66)/i - -4.
3, 31
Suppose 2*f - 5*o + 9*o = 2880, -2*o = -4*f + 5710. Suppose -9*g = 13*g - f. List the prime factors of g.
5, 13
Let h(q) = 208*q + 40. Let i be h(8). Suppose 2*v = -2*w + i, -5*w + 0*w = 2*v - 4266. List the prime factors of w.
2, 7, 61
Let z = -30 + 35. Suppose -5*s + 190 = -z*n, 2*s + 5*n = n + 64. What are the prime factors of -6*-3*176/s?
2, 11
Let c(t) = 3110*t - 374. What are the prime factors of c(4)?
2, 3, 2011
What are the prime factors of (-34)/(-153) - 180914/(-18)?
19, 23
Suppose -30*p + 8*p = 26*p. Suppose 5*w = 20 - 5. Suppose -4*g = w*s - 233, 5*g = -p*s + s - 103. What are the prime factors of s?
83
List the prime factors of (1/5)/((-10)/(-1275))*682.
3, 11, 17, 31
Suppose 5*m - 481*n + 486*n = 60225, 0 = -5*n - 20. List the prime factors of m.
12049
Suppose 2*t + 0*n = -2*n - 182, 4*t + 5*n = -369. Let w = -68 - t. Suppose -l + 3*o + w = -98, 3*o + 360 = 3*l. List the prime factors of l.
2, 61
List the prime factors of 2/(-13) - 159972717/(-2587).
61837
Let u be 596/12 + (-2)/3. Suppose -1 = -5*g + u. List the prime factors of ((-528)/60)/((-4)/g).
2, 11
Suppose 5*f + 4*x - 26565 = 4222, 5*f = -2*x + 30791. List the prime factors of f.
3, 2053
Suppose 2*l + 1450 = 5*r, -4*r - 4*l + 1032 = -128. Let q = 526 - r. What are the prime factors of q?
2, 59
Suppose 0 = -z + 3 + 2. Suppose 3500 = -886*u + 893*u. Suppose -4*g - 196 - 140 = -2*n, z*g = 3*n - u. What are the prime factors of n?
2, 5
Let p(n) = n**3 + 7*n**2 - 4*n + 6. Let m be p(-7). Let s(o) = -6*o - 2. Let j(z) = 35*z + 12. Let h(i) = m*s(i) + 6*j(i). What are the prime factors of h(1)?
2, 5
Let d = -173 + 891. Let a = -203 + d. List the prime factors of a.
5, 103
Let k = 16 - 12. Suppose v - 11 = k. What are the prime factors of 1041/v - 9/(-15)?
2, 5, 7
Suppose 0 = -5*t + 3*t - 20. List the prime factors of (-3)/6 + (-2825)/t.
2, 3, 47
Suppose -32254 = -2*x - 2*f, -5*f - 12330 = -3*x + 35995. What are the prime factors of x?
2, 5, 13, 31
Let q(h) = 9*h - 98 + 8*h - 76 + 203 - 18*h. Suppose 2*j = -0*j. What are the prime factors of q(j)?
29
Suppose 3132032 = 252*b - 149008. What are the prime factors of b?
2, 3, 5, 7, 31
Let o(f) = -f. Let l(c) = 51*c - 22. Let t(r) = 1. Let s(z) = l(z) + 3*t(z). Let g(v) = -3*o(v) + s(v). What are the prime factors of g(5)?
251
Suppose -g - 18389 = -5*n + 36, 3*n - 11067 = 3*g. What are the prime factors of n?
2, 3, 307
Let x(t) = -4*t**2 + 2*t + 3083. List the prime factors of x(0).
3083
Let g(d) = -571*d**3 - 6*d**2 - 16*d - 39. List the prime factors of g(-3).
2, 3, 7, 61
Let n(l) = -l**3 - 9*l**2 - 20*l + 5. Let d(g) = -8*g - 26. Let u be d(-2). List the prime factors of n(u).
5, 61
Let g(f) = 159*f**2 - 32*f + 15. Let p(s) = -317*s**2 + 60*s - 28. Let j(v) = -15*g(v) - 8*p(v). Let d = 2 - 3. What are the prime factors of j(d)?
2, 3, 5
Let t(v) be the first derivative of 2*v**3/3 + 5*v**2 - 38*v + 13. Let y(q) = q**2 + 9*q - 37. Let x(z) = 2*t(z) - 3*y(z). What are the prime factors of x(17)?
5, 41
Let d(l) = l**2 + 19*l - 49. Let h = -69 - -49. Let c be d(h). List the prime factors of c/(-1) + 11 + -8.
2
Suppose 253*j + 29393 = 258*j + 2*u, -2*j + 2*u + 11746 = 0. List the prime factors of j.
3, 653
Let w be (-196)/(-12) + (-2)/(-3). Suppose -2*y = -w + 3. Suppose -5*a = -y*a + 140. What are the prime factors of a?
2, 5, 7
Suppose 5*w - 37 + 62 = 0. Let u(m) = -3*m**3 - 6*m - 6. List the prime factors of u(w).
3, 7, 19
Suppose 5*q - 23653 = 5*o - 5028, 0 = -o. Suppose -67*b = -72*b + q. Suppose -8*c = -3*c - b. List the prime factors of c.
149
Suppose 142*a - 96253 = 130*a + 117167. List the prime factors of a.
5, 3557
Let o(x) = 3532*x**2 + 1450*x - 5796. List the prime factors of o(4).
2, 71, 199
Let l = -56 - 97. Suppose 16*p = -677 - 3099. Let r = l - p. What are the prime factors of r?
83
Suppose 75*n - 792528 = 22*n - 26*n. What are the prime factors of n?
2, 3, 11, 19
Let g(q) = 47 + 74*q - 7 + 43*q - 9. List the prime factors of g(7).
2, 5, 17
Let l = 390 - 359. Suppose -14485 - 22746 = -l*q. What are the prime factors of q?
1201
Let m = 20 - 13. Suppose 15 = -4*a + m*a + 2*s, 0 = -5*s + 15. Suppose -a*z - 2*z + b = -358, -b + 352 = 5*z. List the prime factors of z.
71
Suppose 2*x = -682 + 730. Let h(y) = y**2 + 1. Let m be h(1). Suppose -132 = -m*w - x. What are the prime factors of w?
2, 3
Let m be (((-40)/(-12))/5)/(1/3). Suppose -14*s + 6288 = -m*s. List the prime factors of s.
2, 131
Suppose -1309274 = -167*h + 437713. List the prime factors of h.
3, 11, 317
Let w = 3762 + 16216. What are the prime factors of w?
2, 7, 1427
Suppose 5*h = -5*h + 7700. Let k = 1207 - h. List the prime factors of k.
19, 23
Let d be (-1)/((-2)/(-11)) - (-1)/2. Let m = -3 - d. List the prime factors of (-9)/(m/3*6/(-8)).
2, 3
Let i be (-189)/2 + (-3)/6. Let c be 65/(-39)*2736/(-95). Let m = c - i. List the prime factors of m.
11, 13
What are the prime factors of 6/(-12)*22 + 3514 + -11?
2, 3, 97
Let r(j) = 1014*j + 84. Let o be r(7). Suppose -7*l - 7*l + o = 0. What are the prime factors of l?
3, 19
Suppose -r = 5*c - 8, -5*c = -r + 4 - 6. List the prime factors of ((-416)/(-39))/(c/12).
2
Let p(v) = -17 + 29 + 43*v - 16. What are the prime factors of p(16)?
2, 3, 19
Suppose 3*n + 11 = 23. Suppose -3*j - n = -19. Suppose h - 4*b - 157 = -5*b, h = j*b + 133. List the prime factors of h.
3, 17
Suppose 47*q - 2176716 + 301340 = 9*q. What are the prime factors of q?
2, 31, 199
List the prime factors of 64653/5 - (-7 - (-644)/115).
2, 53, 61
What are the prime factors of 1 + -7 + (-1345)/(-10 + 5)?
263
Let k(d) = 26*d. Let j(h) = h. Let n(a) = -39*j(a) + k(a). Let c(o) = -207*o. Let z(w) = -4*c(w) + 63*n(w). What are the prime factors of z(4)?
2, 3
Let j(n) = 2*n**2 + 25*n - 23. Suppose -4*x + 13 = -5*x. Let z be j(x). Let w(i) = -4*i + 37. What are the prime factors of w(z)?
7, 11
Suppose 76 = 2*v + 66. Suppose 3*c + 0*f = -2*f + 199, v*f + 55 = c. What are the prime factors of c?
5, 13
Suppose 21*z = 206343 + 296880. What are the prime factors of z?
31, 773
Let x = 38558 + -3994. List the prime factors of x.
2, 8641
Suppose 0 = -10*b + 7551 + 75819. List the prime factors of b.
3, 7, 397
Let m(j) be the second derivative of j**3/2 + 5*j**2/2 - 9*j. Let c be m(6). Let n = c + 4. What are the prime factors of n?
3
Suppose 5*g = -3*j + 13663 - 4337, 4*g = -3*j + 9328. Suppose j = 4*r + 4*f, -857 + 77 = -r + f. List the prime factors of r.
19, 41
Suppose -42 - 3 = -5*h + 4*o, 2*h - o - 15 = 0. Suppose h*d - 24 = 21. Suppose 232 = d*k - k. What are the prime factors of k?
29
What are the prime factors of (1932/(-7))/(1*30/(-5540))?
2, 23, 277
Let g = 326 + -167. Let i = 164 + g. List the prime factors of i.
17, 19
Let x be (1 + 0)*(-6)/2. Let f be x/1 - ((6 - 12) + -84). List the prime factors of f + (-4 - -3)*2 + 5.
2, 3, 5
Suppose 4*i - 7536 - 1416 = 0. Let u = i + -1564. List the prime factors of u.
2, 337
Let j be ((-700)/50)/(4 + -2). What are the prime factors of (937 + j)/1 - -3?
3, 311
Suppose -3*r = 2*j - 820, -182*r = -5*j - 187*r + 2050. List the prime factors of j.
2, 5, 41
Let u(o) be the third derivative of o**5/10 - 3*o**4/4 + 49*o**3/3 - 3*o**2 + 3*o. What are the prime factors of u(9)?
2, 211
Let d be (-2)/(-6) + 13/(156/(-88)). What are the prime factors of ((-19188)/84 - (-4)/d)/(-1)?
229
Let u(k) = 2*k + 1. Let v be u(3). Let o(c) = v - 11 + 72*c + 6*c**2 - 69*c. What are the prime factors of o(2)?
2, 13
Let t = -1744 + 955. Let j = -459 - t. List the prime factors of j.
2, 3, 5, 11
Let s = -1466 + 2672. Suppose u - 2 = -0, 4*r = -u + s. List the prime factors of r.
7, 43
What are the prime factors of (-2)/(((-33)/(-64559))/((-9)/6))?
5869
Let v(c) = 237*c**2 - 175*c - 1229. List the prime factors of v(-7).
13, 19, 47
Suppose 84521 + 46328 = 237*z - 220*z. What are the prime factors of z?
43, 179
Suppose 0 = a - 2, -2*a + 9741 = -4*f + 45425. List the prime factors of